0111112201
In base 6, what is 543105 - -12252?
555401
In base 5, what is 10 + 142021321242?
142021321302
In base 13, what is -21 - 4c652?
-4c673
In base 4, what is -123 - -2121130101?
2121123312
In base 6, what is 2223444 - 234?
2223210
In base 16, what is -17f - 1526?
-16a5
In base 6, what is 14551345 + -1253?
14550052
In base 8, what is -2302671 - -1174?
-2301475
In base 16, what is -3307 + 768?
-2b9f
In base 4, what is 22321 + -1212023?
-1123102
In base 8, what is 5 - -31315717?
31315724
In base 16, what is -1e2e8781 - 2?
-1e2e8783
In base 15, what is 57d + 1b04?
2182
In base 10, what is -9 + 732217?
732208
In base 7, what is 2400542660 - 5?
2400542652
In base 16, what is 1ce549d8 - 2?
1ce549d6
In base 6, what is -222422504 + 115?
-222422345
In base 7, what is 61130562 + 5?
61130600
In base 14, what is -11ac + -14c79?
-16047
In base 12, what is -40ba53b - 5?
-40ba544
In base 2, what is -10 - 100010111010110001000?
-100010111010110001010
In base 8, what is -33101 + -2577?
-35700
In base 9, what is 687872 + -1456?
686415
In base 4, what is -2 - 1113031300?
-1113031302
In base 13, what is 24c121 - 0?
24c121
In base 13, what is 3 + 408a4507?
408a450a
In base 2, what is -11000100010111100 - -1011101011101?
-10111000101011111
In base 5, what is 1032343111 - 201?
1032342410
In base 14, what is -2494b8 - -1?
-2494b7
In base 5, what is -1201 + -200420320?
-200422021
In base 16, what is -1917e + -d15?
-19e93
In base 14, what is -b8a5864 - 2?
-b8a5866
In base 13, what is -640068 - c0?
-640158
In base 8, what is 1717741 - 664?
1717055
In base 13, what is -21abb + 470?
-2164b
In base 11, what is -1 + -6189091?
-6189092
In base 8, what is -134276 - -120400?
-13676
In base 4, what is 13130102203 - 33?
13130102110
In base 9, what is 313380631 + -1?
313380630
In base 7, what is -3064562021 + -1?
-3064562022
In base 3, what is 111 + 10020200101212?
10020200102100
In base 10, what is 23475215 + -3?
23475212
In base 15, what is -20e3 + -7b?
-216e
In base 5, what is 242222030143 - -10?
242222030203
In base 15, what is 2bd - -3ad0?
3d9d
In base 16, what is -2 - -19c170?
19c16e
In base 10, what is 837005 + -257?
836748
In base 8, what is -63 + 116237060?
116236775
In base 8, what is 2 + -2011500?
-2011476
In base 13, what is -28c9 + -567?
-3163
In base 16, what is -ad4d69 + a?
-ad4d5f
In base 14, what is c + -247d9b?
-247d8d
In base 4, what is 1133303 - -11131201?
12331110
In base 13, what is -4 - 593ac8?
-593acc
In base 6, what is -13 - -45344322?
45344305
In base 10, what is -808806 + 351?
-808455
In base 11, what is -9481 - -67?
-9415
In base 5, what is 43120333 - 22111?
43043222
In base 11, what is 2 - -1151a87?
1151a89
In base 16, what is b0 - 6ec22?
-6eb72
In base 3, what is -220011010112 + -20011?
-220011100200
In base 3, what is 12 - -1211010002121111?
1211010002121200
In base 7, what is -3 + -20445360?
-20445363
In base 6, what is 22300403 - 5?
22300354
In base 4, what is 33212323022 - 11?
33212323011
In base 7, what is -16 + 14040540?
14040521
In base 2, what is -10001001110 - -10111001001111101?
10110111000101111
In base 9, what is 368808 + -40?
368758
In base 16, what is -7f4 + 2570?
1d7c
In base 13, what is -36ba938 + -2?
-36ba93a
In base 15, what is 34 - 5bcb?
-5b97
In base 5, what is -400044 + 1002?
-344042
In base 15, what is -3d06d85 - 0?
-3d06d85
In base 9, what is -5 - -50831372?
50831366
In base 2, what is 11100001000001001 + -110110100?
11100000001010101
In base 9, what is 6671574 + 2?
6671576
In base 8, what is -1231473 - 361?
-1232054
In base 14, what is -5 - -5a41783?
5a4177c
In base 7, what is -1065 - -2431400?
2430302
In base 6, what is 4 - 2420300020?
-2420300012
In base 2, what is 1001011000101101 - 10101001111111?
110101110101110
In base 8, what is 1314037320 + -5?
1314037313
In base 16, what is -15f3 - 3f00e?
-40601
In base 15, what is -860b8 - -5?
-860b3
In base 7, what is -11353 + -133536?
-145222
In base 8, what is -44733 - -3676?
-41035
In base 9, what is -5 + -2022712?
-2022717
In base 16, what is -1a17 + -295a?
-4371
In base 6, what is 332 - 14142524?
-14142152
In base 2, what is -110001101000100010000 + -11001001?
-110001101000111011001
In base 2, what is -1001001001011 + -101010111?
-1001110100010
In base 15, what is 2153 - 5cc?
1a76
In base 6, what is -3 - 5004514013?
-5004514020
In base 13, what is -2029713 + -58?
-202976b
In base 8, what is -16635657 + -1?
-16635660
In base 12, what is -2 - 516265?
-516267
In base 15, what is -12687c4 - -4?
-12687c0
In base 9, what is -22100 + -558?
-22658
In base 14, what is 1 + -9aa917b?
-9aa917a
In base 4, what is 220202312 - 1210?
220201102
In base 10, what is -749112 + 6?
-749106
In base 4, what is -113312332110 - 0?
-113312332110
In base 10, what is 50285 - -6?
50291
In base 10, what is 0 - 2556189?
-2556189
In base 11, what is 0 + 30a58a8?
30a58a8
In base 3, what is -10021112201100021 - -112?
-10021112201022202
In base 6, what is 1422440435 + -1?
1422440434
In base 11, what is -3968 - -8136?
4279
In base 16, what is -a9d2fb8 - -2?
-a9d2fb6
In base 9, what is 10 - -71732035?
71732045
In base 8, what is 1630773 + 6124?
1637117
In base 16, what is -c6dc4 + -a?
-c6dce
In base 6, what is -3 - -144001303?
144001300
In base 2, what is 1101 - 10101110011101110100?
-10101110011101100111
In base 7, what is -123455651 + -12?
-123455663
In base 5, what is -2300440 + 1300?
-2244140
In base 4, what is -230311111 + -1101?
-230312212
In base 4, what is 210210 - 2031322?
-1221112
In base 12, what is -623a46 - 3?
-623a49
In base 11, what is 7861 - -5941a?
66180
In base 3, what is -2022122011221020 - 22?
-2022122011221112
In base 15, what is d125136 - 5?
d125131
In base 6, what is -135 - 153531?
-154110
In base 14, what is -4 - 54150?
-54154
In base 2, what is 10 - 1111001010110010101000010?
-1111001010110010101000000
In base 3, what is 10020022022111 - -10?
10020022022121
In base 13, what is -1bb - 756496?
-756684
In base 7, what is 100 + -103213255?
-103213155
In base 3, what is 1120 + 11101222011?
11102000201
In base 8, what is 334075 - -2220?
336315
In base 14, what is 202 - 84576?
-84374
In base 14, what is -6b09 + -1429?
-8134
In base 9, what is 1480501 + 22?
1480523
In base 10, what is 337111 - -8?
337119
In base 13, what is 4 + -27c0cb2?
-27c0cab
In base 11, what is -38497912 + 4?
-38497909
In base 13, what is -203846a - -25?
-2038445
In base 6, what is 23120351 - 30?
23120321
In base 16, what is -2b294e6 - 5?
-2b294eb
In base 8, what is 6241 - 1060?
5161
In base 3, what is 222120221010 + -2?
222120221001
In base 5, what is 11 + -13322241323?
-13322241312
In base 4, what is -32121310130023 - -3?
-32121310130020
In base 2, what is 1111011010000 + -1110001101000?
1001101000
In base 8, what is -623 - -606337?
605514
In base 7, what is 342 + -1402106?
-1401434
In base 3, what is 11 + 120111222110?
120111222121
In base 2, what is 11 - 101011011100011010110101000?
-101011011100011010110100101
In base 15, what is -2 - 89ded09?
-89ded0b
In base 14, what is 5034a59 - -3?
5034a5c
In base 8, what is -407 + 2636526?
2636117
In base 4, what is -2220112121 - -10?
-2220112111
In base 9, what is 4 + 16461804?
16461808
In base 6, what is 3105130223 - -1?
3105130224
In base 15, what is 1949 - 4872?
-2e28
In base 13, what is -4 - 1310237?
-131023b
In base 4, what is 1 + -22002130312211?
-22002130312210
In base 3, what is -10 - -112012200220111?
112012200220101
In base 4, what is -3 + -3120312230?
-3120312233
In base 4, what is -3023 - -102211000131?
102210331102
In base 4, what is -1132012311330 - -23?
-1132012311301
In base 2, what is -1110 + 100010110010010110111000?
100010110010010110101010
In base 8, what is 21762 + 16231?
40213
In base 9, what is -25340 + 66?
-25263
In base 7, what is 3 - 3434454442?
-3434454436
In base 4, what is -2 + -112323300221?
-112323300223
In base 15, what is 2e + -179cd3?
-179ca4
In base 9, what is -278 + 16611?
16322
In base 5, what is 4 + 130203221124?
130203221133
In base 4, what is -11 + 3203013213?
3203013202
In base 5, what is 2223 - -32240?
40013
In base 16, what is 7e + -20e60?
-20de2
In base 14, what is -2c23 + -1a69?
-488c
In base 6, what is 212 - -102031144?
102031400
In base 7, what is -200553061 - 3?
-200553064
In base 12, what is -3511613 + 2?
-3511611
In base 12